{"id":10,"date":"2026-02-18T15:55:46","date_gmt":"2026-02-18T15:55:46","guid":{"rendered":"https:\/\/seashell-okapi-914178.hostingersite.com\/?page_id=10"},"modified":"2026-02-18T16:21:27","modified_gmt":"2026-02-18T16:21:27","slug":"refund_returns","status":"publish","type":"page","link":"https:\/\/busilis.click\/?page_id=10","title":{"rendered":"Termos e condi\u00e7\u00f5es"},"content":{"rendered":"\n<p><\/p>\n\n\n\n<p>Bem-vindo \u00e0 Bus\u00edlis, uma chancela da Trinta-por-uma-linha.<\/p>\n\n\n\n<p>Estes termos e condi\u00e7\u00f5es definem as regras e regulamentos para a utiliza\u00e7\u00e3o do Website da Busilis.click<\/p>\n\n\n\n<p>1. Os bens ou servi\u00e7os identificados neste site e loja on-line s\u00e3o vendidos por:<\/p>\n\n\n\n<p>          <strong>Editora Trinta-por-uma-linha, Lda\u00a0[Escrit\u00f3rio]<\/strong><\/p>\n\n\n\n<p>          Largo Eng. Ant\u00f3nio de Almeida, 30 \u2013 3.\u00ba Andar \u2013 Sala DD3<\/p>\n\n\n\n<p>          4150-074 Porto<\/p>\n\n\n\n<p>          NIF 508381037<\/p>\n\n\n\n<p>          Telefone 226090272<\/p>\n\n\n\n<p>          E-mail:\u00a0<a href=\"mailto:geral@trintaporumalinha.com\">geral@trintaporumalinha.com<\/a><\/p>\n\n\n\n<p>2. Os bens ou servi\u00e7os s\u00e3o livros em formato papel (com as caracter\u00edsticas descritas e indicadas em cada artigo), e-book (a haver) e Cursos On-line (a haver)<\/p>\n\n\n\n<p>3. Os pre\u00e7os dos bens ou servi\u00e7os s\u00e3o totais, isto \u00e9, incluem IVA, despesas de envio e\/ou transporte.<\/p>\n\n\n\n<p>4. No caso de haver algum bem ou servi\u00e7o de assinatura, no pre\u00e7o constar\u00e1 a periodicidade e dura\u00e7\u00e3o, bem como (o c\u00e1lculo de) outros encargos, mensais ou fixos.<\/p>\n\n\n\n<p>5. As modalidades de pagamento s\u00e3o: Transfer\u00eancia banc\u00e1ria (indicado como offline), Cart\u00e3o de Cr\u00e9dito e Multibanco.<\/p>\n\n\n\n<p>A entrega ser\u00e1 sempre feita por CTT ou CTT Expresso (a n\u00e3o ser que outra tenha sido convencionada previamente).<\/p>\n\n\n\n<p>O bem ou servi\u00e7o ser\u00e1 entregue no prazo m\u00e1ximo de 14 dias \u00fateis, come\u00e7ando o prazo de leg\u00edtima reclama\u00e7\u00e3o e\/ou devolu\u00e7\u00e3o a contar no dia da entrega do produto.<\/p>\n\n\n\n<p>As reclama\u00e7\u00f5es efetuadas ser\u00e3o tratadas pelos s\u00f3cios-gerentes da Trinta-por-uma-linha.<\/p>\n\n\n\n<p>6. O cliente tem o direito de livre resolu\u00e7\u00e3o do contrato, no prazo legal de 14 dias ap\u00f3s a rece\u00e7\u00e3o do bem ou servi\u00e7o (prazo de garantia da conformidade dos bens).<\/p>\n\n\n\n<p>a) Procedimento para resolu\u00e7\u00e3o do contrato: passo a passo<\/p>\n\n\n\n<p><strong>Descarregue o modelo de formul\u00e1rio abaixo.<\/strong><\/p>\n\n\n\n<p>Preencha com os seus dados (nome, morada completa e n\u00famero do seu PEDIDO).<\/p>\n\n\n\n<p>Indique a data de celebra\u00e7\u00e3o do contrato (data do pedido) e a data em que recebeu o seu pedido.<\/p>\n\n\n\n<p>Assine o documento.<\/p>\n\n\n\n<p>Envie o pedido:<\/p>\n\n\n\n<p>           . por e-mail, para geral@trintaporumalinha.com<\/p>\n\n\n\n<p>           . pelos CTT, atrav\u00e9s de carta registada com aviso de rece\u00e7\u00e3o, para<\/p>\n\n\n\n<p>                    Editora Trinta-por-uma-linha, Lda<\/p>\n\n\n\n<p>                    Largo Eng. Ant\u00f3nio de Almeida, 30 \u2013 3.\u00ba Andar \u2013 Sala DD3<\/p>\n\n\n\n<p>                    4150-074 Porto<\/p>\n\n\n\n<p><strong>b)\u00a0<a href=\"https:\/\/bdb07657-4abb-42d4-8bec-08076829f2af.filesusr.com\/ugd\/f3527f_17ce4e6110c74cef96cb353a38f839c7.docx?dn=Formulario_livre_resolucao.docx\" target=\"_blank\" rel=\"noreferrer noopener\">Formul\u00e1rio de livre resolu\u00e7\u00e3o<\/a>\u00a0(descarregar\u00a0<a href=\"https:\/\/bdb07657-4abb-42d4-8bec-08076829f2af.filesusr.com\/ugd\/f3527f_17ce4e6110c74cef96cb353a38f839c7.docx?dn=Formulario_livre_resolucao.docx\" target=\"_blank\" rel=\"noreferrer noopener\">aqui<\/a>)<\/strong><\/p>\n\n\n\n<p>c) O consumidor tem a possibilidade de aceder ao seguinte mecanismo extrajudicial de reclama\u00e7\u00e3o e recurso:&nbsp;<a href=\"http:\/\/www.cicap.pt\/\" rel=\"noreferrer noopener\" target=\"_blank\">Centro de Informa\u00e7\u00e3o de Consumo e Arbitragem do Porto<\/a>&nbsp;(CICAP).<\/p>\n\n\n\n<p>7. No caso de resolu\u00e7\u00e3o do contrato e devolu\u00e7\u00e3o dos bens ou servi\u00e7os rececionados fica ao encargo do cliente\/consumidor.<\/p>\n\n\n\n<p>8. No caso de presta\u00e7\u00e3o de servi\u00e7os ou assinatura, o consumidor tem a obriga\u00e7\u00e3o de pagar \u00e0 Trinta-por-uma-linha o montante proporcional ao servi\u00e7o j\u00e1 prestado, sempre que o consumidor exer\u00e7a o direito de livre resolu\u00e7\u00e3o depois de ter apresentado o pedido.<\/p>\n\n\n\n<p>9. N\u00e3o existem nem podem ser reclamados custos de utiliza\u00e7\u00e3o da t\u00e9cnica de comunica\u00e7\u00e3o \u00e0 dist\u00e2ncia.<\/p>\n\n\n\n<p>10. A Trinta-por-uma-linha, nas suas vendas on-line (e off-line) rege-se por crit\u00e9rios de servi\u00e7o ao cliente, seriedade e honestidade!<\/p>\n\n\n\n<p><\/p>\n","protected":false},"excerpt":{"rendered":"<p>Bem-vindo \u00e0 Bus\u00edlis, uma chancela da Trinta-por-uma-linha. Estes termos e condi\u00e7\u00f5es definem as regras e regulamentos para a utiliza\u00e7\u00e3o do Website da Busilis.click 1. Os bens ou servi\u00e7os identificados neste site e loja on-line s\u00e3o vendidos por: Editora Trinta-por-uma-linha, Lda\u00a0[Escrit\u00f3rio] Largo Eng. Ant\u00f3nio de Almeida, 30 \u2013 3.\u00ba Andar \u2013 Sala DD3 4150-074 Porto NIF [&hellip;]<\/p>\n","protected":false},"author":1,"featured_media":0,"parent":0,"menu_order":0,"comment_status":"closed","ping_status":"closed","template":"elementor_theme","meta":{"advanced_seo_description":"","jetpack_seo_html_title":"","jetpack_seo_noindex":false,"footnotes":""},"class_list":["post-10","page","type-page","status-publish","hentry"],"_hostinger_reach_plugin_has_subscription_block":false,"_hostinger_reach_plugin_is_elementor":false,"jetpack_sharing_enabled":true,"_links":{"self":[{"href":"https:\/\/busilis.click\/index.php?rest_route=\/wp\/v2\/pages\/10","targetHints":{"allow":["GET"]}}],"collection":[{"href":"https:\/\/busilis.click\/index.php?rest_route=\/wp\/v2\/pages"}],"about":[{"href":"https:\/\/busilis.click\/index.php?rest_route=\/wp\/v2\/types\/page"}],"author":[{"embeddable":true,"href":"https:\/\/busilis.click\/index.php?rest_route=\/wp\/v2\/users\/1"}],"replies":[{"embeddable":true,"href":"https:\/\/busilis.click\/index.php?rest_route=%2Fwp%2Fv2%2Fcomments&post=10"}],"version-history":[{"count":2,"href":"https:\/\/busilis.click\/index.php?rest_route=\/wp\/v2\/pages\/10\/revisions"}],"predecessor-version":[{"id":146,"href":"https:\/\/busilis.click\/index.php?rest_route=\/wp\/v2\/pages\/10\/revisions\/146"}],"wp:attachment":[{"href":"https:\/\/busilis.click\/index.php?rest_route=%2Fwp%2Fv2%2Fmedia&parent=10"}],"curies":[{"name":"wp","href":"https:\/\/api.w.org\/{rel}","templated":true}]}}