{"id":256,"date":"2026-03-12T10:25:40","date_gmt":"2026-03-12T10:25:40","guid":{"rendered":"https:\/\/busilis.click\/?post_type=product&#038;p=256"},"modified":"2026-03-13T11:28:50","modified_gmt":"2026-03-13T11:28:50","slug":"tpc-trabalhos-poeticos-em-curso","status":"publish","type":"product","link":"https:\/\/busilis.click\/?product=tpc-trabalhos-poeticos-em-curso","title":{"rendered":"TPC &#8211; Trabalhos Po\u00e9ticos em Curso"},"content":{"rendered":"<p>Em TPC &#8211; Trabalhos Po\u00e9ticos em Curso, de Jo\u00e3o Manuel Ribeiro, estamos diante de um livro de poesia experimental que n\u00e3o limita \u00abo seu meio de express\u00e3o \u00e0s palavras carregadas de significado\u00bb, mas que ultrapassa esta fronteira pela utiliza\u00e7\u00e3o das letras na sua dimens\u00e3o pl\u00e1stica, considerando-as, n\u00e3o como sinais lingu\u00edsticos, mas a sua forma, o seu desenho, a sua figura\u00e7\u00e3o conotativa (letrismo), reivindicando assim novos significados e dimens\u00f5es po\u00e9ticas (concretismo). S\u00e3o reconhecidas as vantagens da \u00abespacializa\u00e7\u00e3o\u00bb deste tipo de poesia em que a dimens\u00e3o visual e espacial do poema \u00abpredomina[m] sobre o sentido ou conte\u00fado\u00bb. Este processo din\u00e2mico, que o poeta designa de trabalhos po\u00e9ticos (em curso) obriga o leitor a compreender a unidade org\u00e2nica entre o c\u00f3digo t\u00e9cnico-compositivo e o c\u00f3digo sem\u00e2ntico-pragm\u00e1tico e nela se adentrar no significado poliss\u00e9mico do poema. Um \u00f3timo livro para os adolescentes e jovens que desejem aproximar-se da poesia\u2026<\/p>\n<p>ISBN: 9789898582423 &#8211; Ano: 2016 &#8211; Dimens\u00f5es: 134 x 208 x 5 mm &#8211; Encaderna\u00e7\u00e3o: Capa mole &#8211; P\u00e1ginas: 78<\/p>\n","protected":false},"excerpt":{"rendered":"<p>Em TPC &#8211; Trabalhos Po\u00e9ticos em Curso, de Jo\u00e3o Manuel Ribeiro, estamos diante de um livro de poesia experimental que n\u00e3o limita \u00abo seu meio de express\u00e3o \u00e0s palavras carregadas de significado\u00bb, mas que ultrapassa esta fronteira pela utiliza\u00e7\u00e3o das letras na sua dimens\u00e3o pl\u00e1stica, considerando-as, n\u00e3o como sinais lingu\u00edsticos, mas a sua forma, o [&hellip;]<\/p>\n","protected":false},"featured_media":98,"template":"","meta":{"advanced_seo_description":"","jetpack_seo_html_title":"","jetpack_seo_noindex":false},"product_brand":[],"product_cat":[19],"product_tag":[],"class_list":{"0":"post-256","1":"product","2":"type-product","3":"status-publish","4":"has-post-thumbnail","6":"product_cat-poesia","8":"first","9":"instock","10":"shipping-taxable","11":"purchasable","12":"product-type-simple"},"jetpack_sharing_enabled":true,"_links":{"self":[{"href":"https:\/\/busilis.click\/index.php?rest_route=\/wp\/v2\/product\/256","targetHints":{"allow":["GET"]}}],"collection":[{"href":"https:\/\/busilis.click\/index.php?rest_route=\/wp\/v2\/product"}],"about":[{"href":"https:\/\/busilis.click\/index.php?rest_route=\/wp\/v2\/types\/product"}],"wp:featuredmedia":[{"embeddable":true,"href":"https:\/\/busilis.click\/index.php?rest_route=\/wp\/v2\/media\/98"}],"wp:attachment":[{"href":"https:\/\/busilis.click\/index.php?rest_route=%2Fwp%2Fv2%2Fmedia&parent=256"}],"wp:term":[{"taxonomy":"product_brand","embeddable":true,"href":"https:\/\/busilis.click\/index.php?rest_route=%2Fwp%2Fv2%2Fproduct_brand&post=256"},{"taxonomy":"product_cat","embeddable":true,"href":"https:\/\/busilis.click\/index.php?rest_route=%2Fwp%2Fv2%2Fproduct_cat&post=256"},{"taxonomy":"product_tag","embeddable":true,"href":"https:\/\/busilis.click\/index.php?rest_route=%2Fwp%2Fv2%2Fproduct_tag&post=256"}],"curies":[{"name":"wp","href":"https:\/\/api.w.org\/{rel}","templated":true}]}}