{"id":324,"date":"2026-03-13T11:55:21","date_gmt":"2026-03-13T11:55:21","guid":{"rendered":"https:\/\/busilis.click\/?post_type=product&#038;p=324"},"modified":"2026-03-13T11:55:21","modified_gmt":"2026-03-13T11:55:21","slug":"o-possivel-da-medida","status":"publish","type":"product","link":"https:\/\/busilis.click\/?product=o-possivel-da-medida","title":{"rendered":"O poss\u00edvel da medida"},"content":{"rendered":"<p>O Poss\u00edvel da Medida foi escrito nos dias vinte e vinte e um de abril de mil novecentos e noventa e seis, durante SERPENS I &#8211; The International Festival of Performance and Action Art, que se realizou em Praga, na Rep\u00fablica Checa, ap\u00f3s uma leitura e tentativa de tradu\u00e7\u00e3o visual, sonora, estrutural e r\u00edtmica do livro Okidlena Hov\u00e9nka, de Milan Kn\u00ed\u017e\u00e1k. As fotografias retratam pormenores da instala\u00e7\u00e3o Escrita D\u2019Arte (Romance), que integrou a exposi\u00e7\u00e3o individual Arte D\u2019Escrita, apresentada no Museo Vostell Malpartida, em Malpartida de C\u00e1ceres, Espanha, entre Fevereiro e Maio do mesmo ano. As fotografias retratam pormenores da instala\u00e7\u00e3o Escrita D\u2019Arte (Romance), que integrou a exposi\u00e7\u00e3o individual Escrita D\u2019Arte, apresentada no Museo Vostell Malpartida, em Malpartida de C\u00e1ceres, Espanha, entre Fevereiro e Maio do mesmo ano.<\/p>\n","protected":false},"excerpt":{"rendered":"<p>O Poss\u00edvel da Medida foi escrito nos dias vinte e vinte e um de abril de mil novecentos e noventa e seis, durante SERPENS I &#8211; The International Festival of Performance and Action Art, que se realizou em Praga, na Rep\u00fablica Checa, ap\u00f3s uma leitura e tentativa de tradu\u00e7\u00e3o visual, sonora, estrutural e r\u00edtmica do [&hellip;]<\/p>\n","protected":false},"featured_media":284,"template":"","meta":{"advanced_seo_description":"","jetpack_seo_html_title":"","jetpack_seo_noindex":false},"product_brand":[],"product_cat":[19],"product_tag":[33],"class_list":{"0":"post-324","1":"product","2":"type-product","3":"status-publish","4":"has-post-thumbnail","6":"product_cat-poesia","7":"product_tag-poesia","9":"first","10":"instock","11":"shipping-taxable","12":"purchasable","13":"product-type-simple"},"jetpack_sharing_enabled":true,"_links":{"self":[{"href":"https:\/\/busilis.click\/index.php?rest_route=\/wp\/v2\/product\/324","targetHints":{"allow":["GET"]}}],"collection":[{"href":"https:\/\/busilis.click\/index.php?rest_route=\/wp\/v2\/product"}],"about":[{"href":"https:\/\/busilis.click\/index.php?rest_route=\/wp\/v2\/types\/product"}],"wp:featuredmedia":[{"embeddable":true,"href":"https:\/\/busilis.click\/index.php?rest_route=\/wp\/v2\/media\/284"}],"wp:attachment":[{"href":"https:\/\/busilis.click\/index.php?rest_route=%2Fwp%2Fv2%2Fmedia&parent=324"}],"wp:term":[{"taxonomy":"product_brand","embeddable":true,"href":"https:\/\/busilis.click\/index.php?rest_route=%2Fwp%2Fv2%2Fproduct_brand&post=324"},{"taxonomy":"product_cat","embeddable":true,"href":"https:\/\/busilis.click\/index.php?rest_route=%2Fwp%2Fv2%2Fproduct_cat&post=324"},{"taxonomy":"product_tag","embeddable":true,"href":"https:\/\/busilis.click\/index.php?rest_route=%2Fwp%2Fv2%2Fproduct_tag&post=324"}],"curies":[{"name":"wp","href":"https:\/\/api.w.org\/{rel}","templated":true}]}}