{"id":84,"date":"2026-02-18T14:32:40","date_gmt":"2026-02-18T14:32:40","guid":{"rendered":"https:\/\/busilis.click\/?post_type=product&#038;p=84"},"modified":"2026-03-13T11:39:59","modified_gmt":"2026-03-13T11:39:59","slug":"um-homem-parado","status":"publish","type":"product","link":"https:\/\/busilis.click\/?product=um-homem-parado","title":{"rendered":"Um Homem Parado na Esquina do Mundo"},"content":{"rendered":"<p>\u00ab<em>Um Homem Parado na Esquina do Mundo<\/em> \u00e9 uma obra muito original que se situa fora dos padr\u00f5es dominantes da narrativa liter\u00e1ria. Recorrendo a uma esp\u00e9cie de personagem fantasm\u00e1tica chamada Senhor Bivou, e atrav\u00e9s de uma ironia demolidora de dogmas e lugares comuns, a intelig\u00eancia do autor insinua-se na escrita de um modo singularmente estranho, mas tamb\u00e9m muito cativante apesar da complexidade entretanto gerada. Detalhes da vida de todos n\u00f3s s\u00e3o equacionados em paralelo com alguns dos grandes temas da cultura ocidental. A filosofia, ou melhor, a indaga\u00e7\u00e3o filos\u00f3fica atravessa o romance, desenhando um tecido complexo de exig\u00eancias de leitura, mas sem nunca sufocar as possibilidades criativas da pr\u00f3pria linguagem. Escrito num registo exemplar de eleg\u00e2ncia culta, este romance eleva a escrita liter\u00e1ria a um patamar qualitativo invulgar. Um Homem Parado na Esquina do Mundo \u00e9 uma obra muito original que se situa fora dos padr\u00f5es dominantes da narrativa liter\u00e1ria. Recorrendo a uma esp\u00e9cie de personagem fantasm\u00e1tica chamada Senhor Bivou, e atrav\u00e9s de uma ironia demolidora de dogmas e lugares comuns, a intelig\u00eancia do autor insinua-se na escrita de um modo singularmente estranho, mas tamb\u00e9m muito cativante apesar da complexidade entretanto gerada. Detalhes da vida de todos n\u00f3s s\u00e3o equacionados em paralelo com alguns dos grandes temas da cultura ocidental. A filosofia, ou melhor, a indaga\u00e7\u00e3o filos\u00f3fica atravessa o romance, desenhando um tecido complexo de exig\u00eancias de leitura, mas sem nunca sufocar as possibilidades criativas da pr\u00f3pria linguagem. Escrito num registo exemplar de eleg\u00e2ncia culta, este romance eleva a escrita liter\u00e1ria a um patamar qualitativo invulgar.\u00bb [Aprecia\u00e7\u00e3o do j\u00fari]<\/p>\n<p>&nbsp;<\/p>\n<p>ISBN: 9789898582898 &#8211; Ano: 2020 &#8211; Dimens\u00f5es: 155 x 219 x 17 mm &#8211; Encaderna\u00e7\u00e3o: Capa mole &#8211; 200 p\u00e1ginas<\/p>\n","protected":false},"excerpt":{"rendered":"<p>\u00abUm Homem Parado na Esquina do Mundo \u00e9 uma obra muito original que se situa fora dos padr\u00f5es dominantes da narrativa liter\u00e1ria. Recorrendo a uma esp\u00e9cie de personagem fantasm\u00e1tica chamada Senhor Bivou, e atrav\u00e9s de uma ironia demolidora de dogmas e lugares comuns, a intelig\u00eancia do autor insinua-se na escrita de um modo singularmente estranho, [&hellip;]<\/p>\n","protected":false},"featured_media":90,"template":"","meta":{"advanced_seo_description":"","jetpack_seo_html_title":"","jetpack_seo_noindex":false},"product_brand":[],"product_cat":[18],"product_tag":[],"class_list":{"0":"post-84","1":"product","2":"type-product","3":"status-publish","4":"has-post-thumbnail","6":"product_cat-romance","8":"first","9":"instock","10":"sale","11":"shipping-taxable","12":"purchasable","13":"product-type-simple"},"jetpack_sharing_enabled":true,"_links":{"self":[{"href":"https:\/\/busilis.click\/index.php?rest_route=\/wp\/v2\/product\/84","targetHints":{"allow":["GET"]}}],"collection":[{"href":"https:\/\/busilis.click\/index.php?rest_route=\/wp\/v2\/product"}],"about":[{"href":"https:\/\/busilis.click\/index.php?rest_route=\/wp\/v2\/types\/product"}],"wp:featuredmedia":[{"embeddable":true,"href":"https:\/\/busilis.click\/index.php?rest_route=\/wp\/v2\/media\/90"}],"wp:attachment":[{"href":"https:\/\/busilis.click\/index.php?rest_route=%2Fwp%2Fv2%2Fmedia&parent=84"}],"wp:term":[{"taxonomy":"product_brand","embeddable":true,"href":"https:\/\/busilis.click\/index.php?rest_route=%2Fwp%2Fv2%2Fproduct_brand&post=84"},{"taxonomy":"product_cat","embeddable":true,"href":"https:\/\/busilis.click\/index.php?rest_route=%2Fwp%2Fv2%2Fproduct_cat&post=84"},{"taxonomy":"product_tag","embeddable":true,"href":"https:\/\/busilis.click\/index.php?rest_route=%2Fwp%2Fv2%2Fproduct_tag&post=84"}],"curies":[{"name":"wp","href":"https:\/\/api.w.org\/{rel}","templated":true}]}}